{"id":89,"date":"2024-03-31T12:41:37","date_gmt":"2024-03-31T12:41:37","guid":{"rendered":"https:\/\/4.nejcsilak.lab1.almamater.si\/?post_type=product&#038;p=89"},"modified":"2024-04-23T09:36:19","modified_gmt":"2024-04-23T09:36:19","slug":"nogometni-cevlji","status":"publish","type":"product","link":"https:\/\/4.nejcsilak.lab1.almamater.si\/?product=nogometni-cevlji","title":{"rendered":"Nike Phantom GX"},"content":{"rendered":"<p>Kakovostni nogometni \u010devlji zelo priznane blagovne znamke, ki so primerni za igranje na mokrem terenu. Vsebujejo \u017eelezne \u010depke in tako prepre\u010dujejo morebitne zdrse in posledi\u010dno tudi po\u0161kodbe.<\/p>\n","protected":false},"excerpt":{"rendered":"<p>Nogometni \u010devlji z \u017eeleznimi \u010depi.<\/p>\n","protected":false},"featured_media":90,"comment_status":"open","ping_status":"closed","template":"","meta":[],"product_brand":[],"product_cat":[21],"product_tag":[17],"class_list":{"0":"post-89","1":"product","2":"type-product","3":"status-publish","4":"has-post-thumbnail","6":"product_cat-obutev","7":"product_tag-nogometni-cevlji","9":"first","10":"instock","11":"taxable","12":"shipping-taxable","13":"purchasable","14":"product-type-variable"},"yoast_head":"<!-- This site is optimized with the Yoast SEO plugin v25.3.1 - https:\/\/yoast.com\/wordpress\/plugins\/seo\/ -->\n<title>Nike Phantom GX - Nogometna strast<\/title>\n<meta name=\"description\" content=\"Kakovostni nogometni \u010devlji zelo priznane blagovne znamke, ki so primerni za igranje na mokrem terenu. Vsebujejo \u017eelezne \u010depke in tako prepre\u010dujejo morebitne zdrse in posledi\u010dno tudi po\u0161kodbe.\" \/>\n<meta name=\"robots\" content=\"index, follow, max-snippet:-1, max-image-preview:large, max-video-preview:-1\" \/>\n<link rel=\"canonical\" href=\"https:\/\/4.nejcsilak.lab1.almamater.si\/?product=nogometni-cevlji\" \/>\n<meta property=\"og:locale\" content=\"en_US\" \/>\n<meta property=\"og:type\" content=\"article\" \/>\n<meta property=\"og:title\" content=\"Nike Phantom GX - Nogometna strast\" \/>\n<meta property=\"og:description\" content=\"Kakovostni nogometni \u010devlji zelo priznane blagovne znamke, ki so primerni za igranje na mokrem terenu. Vsebujejo \u017eelezne \u010depke in tako prepre\u010dujejo morebitne zdrse in posledi\u010dno tudi po\u0161kodbe.\" \/>\n<meta property=\"og:url\" content=\"https:\/\/4.nejcsilak.lab1.almamater.si\/?product=nogometni-cevlji\" \/>\n<meta property=\"og:site_name\" content=\"Nogometna strast\" \/>\n<meta property=\"article:modified_time\" content=\"2024-04-23T09:36:19+00:00\" \/>\n<meta property=\"og:image\" content=\"https:\/\/4.nejcsilak.lab1.almamater.si\/wp-content\/uploads\/2024\/03\/football-19115_640.jpg\" \/>\n\t<meta property=\"og:image:width\" content=\"640\" \/>\n\t<meta property=\"og:image:height\" content=\"427\" \/>\n\t<meta property=\"og:image:type\" content=\"image\/jpeg\" \/>\n<meta name=\"twitter:card\" content=\"summary_large_image\" \/>\n<meta name=\"twitter:label1\" content=\"Est. reading time\" \/>\n\t<meta name=\"twitter:data1\" content=\"1 minute\" \/>\n<script type=\"application\/ld+json\" class=\"yoast-schema-graph\">{\"@context\":\"https:\/\/schema.org\",\"@graph\":[{\"@type\":\"WebPage\",\"@id\":\"https:\/\/4.nejcsilak.lab1.almamater.si\/?product=nogometni-cevlji\",\"url\":\"https:\/\/4.nejcsilak.lab1.almamater.si\/?product=nogometni-cevlji\",\"name\":\"Nike Phantom GX - Nogometna strast\",\"isPartOf\":{\"@id\":\"https:\/\/4.nejcsilak.lab1.almamater.si\/#website\"},\"primaryImageOfPage\":{\"@id\":\"https:\/\/4.nejcsilak.lab1.almamater.si\/?product=nogometni-cevlji#primaryimage\"},\"image\":{\"@id\":\"https:\/\/4.nejcsilak.lab1.almamater.si\/?product=nogometni-cevlji#primaryimage\"},\"thumbnailUrl\":\"https:\/\/4.nejcsilak.lab1.almamater.si\/wp-content\/uploads\/2024\/03\/football-19115_640.jpg\",\"datePublished\":\"2024-03-31T12:41:37+00:00\",\"dateModified\":\"2024-04-23T09:36:19+00:00\",\"description\":\"Kakovostni nogometni \u010devlji zelo priznane blagovne znamke, ki so primerni za igranje na mokrem terenu. Vsebujejo \u017eelezne \u010depke in tako prepre\u010dujejo morebitne zdrse in posledi\u010dno tudi po\u0161kodbe.\",\"breadcrumb\":{\"@id\":\"https:\/\/4.nejcsilak.lab1.almamater.si\/?product=nogometni-cevlji#breadcrumb\"},\"inLanguage\":\"en-US\",\"potentialAction\":[{\"@type\":\"ReadAction\",\"target\":[\"https:\/\/4.nejcsilak.lab1.almamater.si\/?product=nogometni-cevlji\"]}]},{\"@type\":\"ImageObject\",\"inLanguage\":\"en-US\",\"@id\":\"https:\/\/4.nejcsilak.lab1.almamater.si\/?product=nogometni-cevlji#primaryimage\",\"url\":\"https:\/\/4.nejcsilak.lab1.almamater.si\/wp-content\/uploads\/2024\/03\/football-19115_640.jpg\",\"contentUrl\":\"https:\/\/4.nejcsilak.lab1.almamater.si\/wp-content\/uploads\/2024\/03\/football-19115_640.jpg\",\"width\":640,\"height\":427},{\"@type\":\"BreadcrumbList\",\"@id\":\"https:\/\/4.nejcsilak.lab1.almamater.si\/?product=nogometni-cevlji#breadcrumb\",\"itemListElement\":[{\"@type\":\"ListItem\",\"position\":1,\"name\":\"Home\",\"item\":\"https:\/\/4.nejcsilak.lab1.almamater.si\/\"},{\"@type\":\"ListItem\",\"position\":2,\"name\":\"Trgovina\",\"item\":\"https:\/\/4.nejcsilak.lab1.almamater.si\/?page_id=84\"},{\"@type\":\"ListItem\",\"position\":3,\"name\":\"Nike Phantom GX\"}]},{\"@type\":\"WebSite\",\"@id\":\"https:\/\/4.nejcsilak.lab1.almamater.si\/#website\",\"url\":\"https:\/\/4.nejcsilak.lab1.almamater.si\/\",\"name\":\"Nogometna strast\",\"description\":\"\",\"publisher\":{\"@id\":\"https:\/\/4.nejcsilak.lab1.almamater.si\/#organization\"},\"potentialAction\":[{\"@type\":\"SearchAction\",\"target\":{\"@type\":\"EntryPoint\",\"urlTemplate\":\"https:\/\/4.nejcsilak.lab1.almamater.si\/?s={search_term_string}\"},\"query-input\":{\"@type\":\"PropertyValueSpecification\",\"valueRequired\":true,\"valueName\":\"search_term_string\"}}],\"inLanguage\":\"en-US\"},{\"@type\":\"Organization\",\"@id\":\"https:\/\/4.nejcsilak.lab1.almamater.si\/#organization\",\"name\":\"Nogometna strast\",\"url\":\"https:\/\/4.nejcsilak.lab1.almamater.si\/\",\"logo\":{\"@type\":\"ImageObject\",\"inLanguage\":\"en-US\",\"@id\":\"https:\/\/4.nejcsilak.lab1.almamater.si\/#\/schema\/logo\/image\/\",\"url\":\"https:\/\/4.nejcsilak.lab1.almamater.si\/wp-content\/uploads\/2024\/03\/football-1998122_1280.png\",\"contentUrl\":\"https:\/\/4.nejcsilak.lab1.almamater.si\/wp-content\/uploads\/2024\/03\/football-1998122_1280.png\",\"width\":1280,\"height\":1122,\"caption\":\"Nogometna strast\"},\"image\":{\"@id\":\"https:\/\/4.nejcsilak.lab1.almamater.si\/#\/schema\/logo\/image\/\"}}]}<\/script>\n<!-- \/ Yoast SEO plugin. -->","yoast_head_json":{"title":"Nike Phantom GX - Nogometna strast","description":"Kakovostni nogometni \u010devlji zelo priznane blagovne znamke, ki so primerni za igranje na mokrem terenu. Vsebujejo \u017eelezne \u010depke in tako prepre\u010dujejo morebitne zdrse in posledi\u010dno tudi po\u0161kodbe.","robots":{"index":"index","follow":"follow","max-snippet":"max-snippet:-1","max-image-preview":"max-image-preview:large","max-video-preview":"max-video-preview:-1"},"canonical":"https:\/\/4.nejcsilak.lab1.almamater.si\/?product=nogometni-cevlji","og_locale":"en_US","og_type":"article","og_title":"Nike Phantom GX - Nogometna strast","og_description":"Kakovostni nogometni \u010devlji zelo priznane blagovne znamke, ki so primerni za igranje na mokrem terenu. Vsebujejo \u017eelezne \u010depke in tako prepre\u010dujejo morebitne zdrse in posledi\u010dno tudi po\u0161kodbe.","og_url":"https:\/\/4.nejcsilak.lab1.almamater.si\/?product=nogometni-cevlji","og_site_name":"Nogometna strast","article_modified_time":"2024-04-23T09:36:19+00:00","og_image":[{"width":640,"height":427,"url":"https:\/\/4.nejcsilak.lab1.almamater.si\/wp-content\/uploads\/2024\/03\/football-19115_640.jpg","type":"image\/jpeg"}],"twitter_card":"summary_large_image","twitter_misc":{"Est. reading time":"1 minute"},"schema":{"@context":"https:\/\/schema.org","@graph":[{"@type":"WebPage","@id":"https:\/\/4.nejcsilak.lab1.almamater.si\/?product=nogometni-cevlji","url":"https:\/\/4.nejcsilak.lab1.almamater.si\/?product=nogometni-cevlji","name":"Nike Phantom GX - Nogometna strast","isPartOf":{"@id":"https:\/\/4.nejcsilak.lab1.almamater.si\/#website"},"primaryImageOfPage":{"@id":"https:\/\/4.nejcsilak.lab1.almamater.si\/?product=nogometni-cevlji#primaryimage"},"image":{"@id":"https:\/\/4.nejcsilak.lab1.almamater.si\/?product=nogometni-cevlji#primaryimage"},"thumbnailUrl":"https:\/\/4.nejcsilak.lab1.almamater.si\/wp-content\/uploads\/2024\/03\/football-19115_640.jpg","datePublished":"2024-03-31T12:41:37+00:00","dateModified":"2024-04-23T09:36:19+00:00","description":"Kakovostni nogometni \u010devlji zelo priznane blagovne znamke, ki so primerni za igranje na mokrem terenu. Vsebujejo \u017eelezne \u010depke in tako prepre\u010dujejo morebitne zdrse in posledi\u010dno tudi po\u0161kodbe.","breadcrumb":{"@id":"https:\/\/4.nejcsilak.lab1.almamater.si\/?product=nogometni-cevlji#breadcrumb"},"inLanguage":"en-US","potentialAction":[{"@type":"ReadAction","target":["https:\/\/4.nejcsilak.lab1.almamater.si\/?product=nogometni-cevlji"]}]},{"@type":"ImageObject","inLanguage":"en-US","@id":"https:\/\/4.nejcsilak.lab1.almamater.si\/?product=nogometni-cevlji#primaryimage","url":"https:\/\/4.nejcsilak.lab1.almamater.si\/wp-content\/uploads\/2024\/03\/football-19115_640.jpg","contentUrl":"https:\/\/4.nejcsilak.lab1.almamater.si\/wp-content\/uploads\/2024\/03\/football-19115_640.jpg","width":640,"height":427},{"@type":"BreadcrumbList","@id":"https:\/\/4.nejcsilak.lab1.almamater.si\/?product=nogometni-cevlji#breadcrumb","itemListElement":[{"@type":"ListItem","position":1,"name":"Home","item":"https:\/\/4.nejcsilak.lab1.almamater.si\/"},{"@type":"ListItem","position":2,"name":"Trgovina","item":"https:\/\/4.nejcsilak.lab1.almamater.si\/?page_id=84"},{"@type":"ListItem","position":3,"name":"Nike Phantom GX"}]},{"@type":"WebSite","@id":"https:\/\/4.nejcsilak.lab1.almamater.si\/#website","url":"https:\/\/4.nejcsilak.lab1.almamater.si\/","name":"Nogometna strast","description":"","publisher":{"@id":"https:\/\/4.nejcsilak.lab1.almamater.si\/#organization"},"potentialAction":[{"@type":"SearchAction","target":{"@type":"EntryPoint","urlTemplate":"https:\/\/4.nejcsilak.lab1.almamater.si\/?s={search_term_string}"},"query-input":{"@type":"PropertyValueSpecification","valueRequired":true,"valueName":"search_term_string"}}],"inLanguage":"en-US"},{"@type":"Organization","@id":"https:\/\/4.nejcsilak.lab1.almamater.si\/#organization","name":"Nogometna strast","url":"https:\/\/4.nejcsilak.lab1.almamater.si\/","logo":{"@type":"ImageObject","inLanguage":"en-US","@id":"https:\/\/4.nejcsilak.lab1.almamater.si\/#\/schema\/logo\/image\/","url":"https:\/\/4.nejcsilak.lab1.almamater.si\/wp-content\/uploads\/2024\/03\/football-1998122_1280.png","contentUrl":"https:\/\/4.nejcsilak.lab1.almamater.si\/wp-content\/uploads\/2024\/03\/football-1998122_1280.png","width":1280,"height":1122,"caption":"Nogometna strast"},"image":{"@id":"https:\/\/4.nejcsilak.lab1.almamater.si\/#\/schema\/logo\/image\/"}}]}},"_links":{"self":[{"href":"https:\/\/4.nejcsilak.lab1.almamater.si\/index.php?rest_route=\/wp\/v2\/product\/89","targetHints":{"allow":["GET"]}}],"collection":[{"href":"https:\/\/4.nejcsilak.lab1.almamater.si\/index.php?rest_route=\/wp\/v2\/product"}],"about":[{"href":"https:\/\/4.nejcsilak.lab1.almamater.si\/index.php?rest_route=\/wp\/v2\/types\/product"}],"replies":[{"embeddable":true,"href":"https:\/\/4.nejcsilak.lab1.almamater.si\/index.php?rest_route=%2Fwp%2Fv2%2Fcomments&post=89"}],"wp:featuredmedia":[{"embeddable":true,"href":"https:\/\/4.nejcsilak.lab1.almamater.si\/index.php?rest_route=\/wp\/v2\/media\/90"}],"wp:attachment":[{"href":"https:\/\/4.nejcsilak.lab1.almamater.si\/index.php?rest_route=%2Fwp%2Fv2%2Fmedia&parent=89"}],"wp:term":[{"taxonomy":"product_brand","embeddable":true,"href":"https:\/\/4.nejcsilak.lab1.almamater.si\/index.php?rest_route=%2Fwp%2Fv2%2Fproduct_brand&post=89"},{"taxonomy":"product_cat","embeddable":true,"href":"https:\/\/4.nejcsilak.lab1.almamater.si\/index.php?rest_route=%2Fwp%2Fv2%2Fproduct_cat&post=89"},{"taxonomy":"product_tag","embeddable":true,"href":"https:\/\/4.nejcsilak.lab1.almamater.si\/index.php?rest_route=%2Fwp%2Fv2%2Fproduct_tag&post=89"}],"curies":[{"name":"wp","href":"https:\/\/api.w.org\/{rel}","templated":true}]}}